{"id":2,"date":"2014-05-09T04:35:09","date_gmt":"2014-05-09T04:35:09","guid":{"rendered":"http:\/\/lahuertadelaabuelapilar.com\/?page_id=2"},"modified":"2015-04-24T11:52:45","modified_gmt":"2015-04-24T11:52:45","slug":"sample-page","status":"publish","type":"page","link":"http:\/\/lahuertadelaabuelapilar.com\/?page_id=2","title":{"rendered":"Aldehorno- Segovia"},"content":{"rendered":"<div class=\"node\">\n<div class=\"content\">\n<div id=\"tabs-tabset\" class=\"drupal-tabs js-hide tabs-processed\">\n<div id=\"tabset-tab-5\" class=\"tabs-tabset ui-tabs-panel\">\n<p><b>Distancia a la capital<\/b>: 105 kil\u00f3metros.<br \/>\n<b>Superficie (en Km<sup>2<\/sup><\/b><strong>):<\/strong> 11,90.<br \/>\n<b>Altitud<\/b>: 957.<br \/>\n<b>Poblaci\u00f3n<\/b>: 59 habitantes.<br \/>\n<b>Comarca<\/b>:Tierras de Riaza.<br \/>\n<b>Lugares de inter\u00e9s:<\/b> Iglesia de San Pedro Adv\u00edncula. Ermita de la Inmaculada Concepci\u00f3n. Restos de un convento. Bodegas. Aldehorno pertenece a la Denominaci\u00f3n de Origen de Vinos Ribera del Duero.<br \/>\n<strong>Tradiciones: <\/strong>Reunirse con la familia y los amigos en las bodegas. Danzar los bailes tradicionales ante las im\u00e1genes de los santos en las procesiones. Desde hace unos a\u00f1os se ha convertido ya casi en tradici\u00f3n la realizaci\u00f3n de una plantaci\u00f3n de \u00e1rboles.<br \/>\n<strong>Gastronom\u00eda: <\/strong>Como no pod\u00eda ser de otra manera , en el municipio destacan sus vinos. No en vano el municipio es uno de los cuatro de la provincia de Segovia cuyos terrenos se encuentran incluidos dentro de la Denominaci\u00f3n de Origen Ribera del Duero. Tambi\u00e9n es de destacar la carne de lechazo que se produce en la zona y se degusta asado o en chuletas a la parrilla.<br \/>\n<strong>Fiestas: <\/strong>Celebran su fiesta principal en honor a su patr\u00f3n, San Pedro Adv\u00edncula, el primer fin de semana de agosto. Estas fechas son conocidas popularmente en el municipio como las de San Pedrillo. Tambi\u00e9n festejan cada 8 de diciembre la Inmaculada Concepci\u00f3n.<br \/>\n<strong><em>DESCRIPCI\u00d3N<\/em><\/strong><\/p>\n<p>El t\u00e9rmino municipal de Aldehorno hace de frontera con la vecina provincia de Burgos. Hasta mediados del siglo XIX, su nombre se escrib\u00eda separado Aldea Horno y perteneci\u00f3 a la Comunidad de Villa y Tierra de Haza y a la di\u00f3cesis de Osma.<br \/>\nLa iglesia parroquial se dedica a san Pedro Adv\u00edncula, y es un gran edificio barroco en planta de cruz latina, que dispone de c\u00fapula sobre pechinas en el crucero. Varios retablos barrocos y neocl\u00e1sicos se alojan dentro del templo, destacando el mayor donde se acoge una entra\u00f1able imagen de san Pedro sobre el trono vaticano. Una original pila bautismal rom\u00e1nica se une a una interesante cruz procesional g\u00f3tica del siglo XIV, para terminar de conformar el patrimonio sacro de esta iglesia.<br \/>\nA las afueras del pueblo y acompa\u00f1ando al cementerio se localiza la ermita de la Inmaculada Concepci\u00f3n, dentro de ella se aloja un retablo barroco, cuyas im\u00e1genes, como es l\u00f3gico se custodian en la parroquia del pueblo.<\/p>\n<\/div>\n<div id=\"tabset-tab-2\" class=\"tabs-tabset ui-tabs-panel ui-tabs-hide\"><\/div>\n<div id=\"tabset-tab-3\" class=\"tabs-tabset ui-tabs-panel ui-tabs-hide\"><\/div>\n<div id=\"tabset-tab-4\" class=\"tabs-tabset ui-tabs-panel ui-tabs-hide\"><\/div>\n<\/div>\n<\/div>\n<div class=\"clear-block clear\"><\/div>\n<\/div>\n<div id=\"content-bottom\">\n<div id=\"block-menu-menu-tierras-de-riaza\" class=\"block block-menu\">\n<div class=\"title\">Tierras de Riaza<\/div>\n<div class=\"content\">\n<ul class=\"menu\">\n<li class=\"leaf first\"><a title=\"Alconada de Maderuelo\" href=\"http:\/\/pueblos.elnortedecastilla.es\/segovia\/tierras_de_riaza\/alconada_de_maderuelo\/datos\">Alconada de Maderuelo<\/a><\/li>\n<li class=\"leaf\"><a title=\"Aldealengua de Santa Mar\u00eda\" href=\"http:\/\/pueblos.elnortedecastilla.es\/segovia\/tierras_de_riaza\/aldealengua_de_santa_maria\/datos\">Aldealengua de Santa Mar\u00eda<\/a><\/li>\n<li class=\"leaf\"><a title=\"Aldeanueva de la Serrezuela\" href=\"http:\/\/pueblos.elnortedecastilla.es\/segovia\/tierras_de_riaza\/aldeanueva_de_la_serrezuela\/datos\">Aldeanueva de la Serrezuela<\/a><\/li>\n<li class=\"leaf active-trail\"><a class=\"active\" title=\"Aldehorno\" href=\"http:\/\/pueblos.elnortedecastilla.es\/segovia\/tierras_de_riaza\/aldehorno\/datos\">Aldehorno<\/a><\/li>\n<li class=\"leaf\"><a title=\"Ayll\u00f3n\" href=\"http:\/\/pueblos.elnortedecastilla.es\/segovia\/tierras_de_riaza\/ayllon\/datos\">Ayll\u00f3n<\/a><\/li>\n<li class=\"leaf\"><a title=\"Campo de San Pedro\" href=\"http:\/\/pueblos.elnortedecastilla.es\/segovia\/tierras_de_riaza\/campo_de_san_pedro\/datos\">Campo de San Pedro<\/a><\/li>\n<li class=\"leaf\"><a title=\"Cedillo de la Torre\" href=\"http:\/\/pueblos.elnortedecastilla.es\/segovia\/tierras_de_riaza\/cedillo_de_la_torre\/datos\">Cedillo de la Torre<\/a><\/li>\n<li class=\"leaf\"><a title=\"Cilleruelo de San Mam\u00e9s\" href=\"http:\/\/pueblos.elnortedecastilla.es\/segovia\/tierras_de_riaza\/cilleruelo_de_san_mames\/datos\">Cilleruelo de San Mam\u00e9s<\/a><\/li>\n<li class=\"leaf\"><a title=\"Corral de Ayll\u00f3n\" href=\"http:\/\/pueblos.elnortedecastilla.es\/segovia\/tierras_de_riaza\/corral_de_ayllon\/datos\">Corral de Ayll\u00f3n<\/a><\/li>\n<li class=\"leaf\"><a title=\"Fresno de Cantespino\" href=\"http:\/\/pueblos.elnortedecastilla.es\/segovia\/tierras_de_riaza\/fresno_de_cantespino\/datos\">Fresno de Cantespino<\/a><\/li>\n<li class=\"leaf\"><a title=\"Languilla\" href=\"http:\/\/pueblos.elnortedecastilla.es\/segovia\/tierras_de_riaza\/languilla\/datos\">Languilla<\/a><\/li>\n<li class=\"leaf\"><a title=\"Maderuelo\" href=\"http:\/\/pueblos.elnortedecastilla.es\/segovia\/tierras_de_riaza\/maderuelo\/datos\">Maderuelo<\/a><\/li>\n<li class=\"leaf\"><a title=\"Montejo de la Vega de la Serrezuela\" href=\"http:\/\/pueblos.elnortedecastilla.es\/segovia\/tierras_de_riaza\/montejo_de_la_vega_de_la_serrezuela\/datos\">Montejo de la Vega de la Serrezuela<\/a><\/li>\n<li class=\"leaf\"><a title=\"Moral de Hornuez\" href=\"http:\/\/pueblos.elnortedecastilla.es\/segovia\/tierras_de_riaza\/moral_de_hornuez\/datos\">Moral de Hornuez<\/a><\/li>\n<li class=\"leaf\"><a title=\"Pradales\" href=\"http:\/\/pueblos.elnortedecastilla.es\/segovia\/tierras_de_riaza\/pradales\/datos\">Pradales<\/a><\/li>\n<li class=\"leaf\"><a title=\"Riaguas de San Bartolom\u00e9\" href=\"http:\/\/pueblos.elnortedecastilla.es\/segovia\/tierras_de_riaza\/riaguas_de_san_bartolome\/datos\">Riaguas de San Bartolom\u00e9<\/a><\/li>\n<li class=\"leaf\"><a title=\"Riaza\" href=\"http:\/\/pueblos.elnortedecastilla.es\/segovia\/tierras_de_riaza\/riaza\/datos\">Riaza<\/a><\/li>\n<li class=\"leaf\"><a title=\"Ribota\" href=\"http:\/\/pueblos.elnortedecastilla.es\/segovia\/tierras_de_riaza\/ribota\/datos\">Ribota<\/a><\/li>\n<li class=\"leaf\"><a title=\"Riofrio de Riaza\" href=\"http:\/\/pueblos.elnortedecastilla.es\/segovia\/tierras_de_riaza\/riofrio_de_riaza\/datos\">Riofrio de Riaza<\/a><\/li>\n<li class=\"leaf\"><a title=\"Sequera de Fresno\" href=\"http:\/\/pueblos.elnortedecastilla.es\/segovia\/tierras_de_riaza\/sequera_de_fresno\/datos\">Sequera de Fresno<\/a><\/li>\n<li class=\"leaf\"><a title=\"Valdevacas de Montejo\" href=\"http:\/\/pueblos.elnortedecastilla.es\/segovia\/tierras_de_riaza\/valdevacas_de_montejo\/datos\">Valdevacas de Montejo<\/a><\/li>\n<li class=\"leaf last\" style=\"text-align: center;\"><a title=\"Villaverde de Montejo\" href=\"http:\/\/pueblos.elnortedecastilla.es\/segovia\/tierras_de_riaza\/villaverde_de_montejo\/datos\">Villaverde de Montejo<\/a><\/li>\n<\/ul>\n<\/div>\n<\/div>\n<\/div>\n<p><a href=\"http:\/\/lahuertadelaabuelapilar.com\/wp-content\/uploads\/2015\/04\/P10402091.jpg\" rel=\"lightbox[2]\"><img decoding=\"async\" loading=\"lazy\" class=\"alignnone size-medium wp-image-13\" src=\"http:\/\/lahuertadelaabuelapilar.com\/wp-content\/uploads\/2015\/04\/P10402091-300x225.jpg\" alt=\"P1040209\" width=\"300\" height=\"225\" srcset=\"http:\/\/lahuertadelaabuelapilar.com\/wp-content\/uploads\/2015\/04\/P10402091-300x225.jpg 300w, http:\/\/lahuertadelaabuelapilar.com\/wp-content\/uploads\/2015\/04\/P10402091.jpg 512w\" sizes=\"(max-width: 300px) 100vw, 300px\" \/><\/a> <a href=\"http:\/\/lahuertadelaabuelapilar.com\/wp-content\/uploads\/2015\/04\/P1050485.jpg\" rel=\"lightbox[2]\"><img decoding=\"async\" loading=\"lazy\" class=\"alignnone size-medium wp-image-10\" src=\"http:\/\/lahuertadelaabuelapilar.com\/wp-content\/uploads\/2015\/04\/P1050485-225x300.jpg\" alt=\"P1050485\" width=\"225\" height=\"300\" srcset=\"http:\/\/lahuertadelaabuelapilar.com\/wp-content\/uploads\/2015\/04\/P1050485-225x300.jpg 225w, http:\/\/lahuertadelaabuelapilar.com\/wp-content\/uploads\/2015\/04\/P1050485.jpg 384w\" sizes=\"(max-width: 225px) 100vw, 225px\" \/><\/a> \u00a0\u00a0<a href=\"http:\/\/lahuertadelaabuelapilar.com\/wp-content\/uploads\/2015\/04\/P1040203.jpg\" rel=\"lightbox[2]\"><img decoding=\"async\" loading=\"lazy\" class=\"alignnone size-medium wp-image-16\" src=\"http:\/\/lahuertadelaabuelapilar.com\/wp-content\/uploads\/2015\/04\/P1040203-225x300.jpg\" alt=\"P1040203\" width=\"225\" height=\"300\" srcset=\"http:\/\/lahuertadelaabuelapilar.com\/wp-content\/uploads\/2015\/04\/P1040203-225x300.jpg 225w, http:\/\/lahuertadelaabuelapilar.com\/wp-content\/uploads\/2015\/04\/P1040203-768x1024.jpg 768w, http:\/\/lahuertadelaabuelapilar.com\/wp-content\/uploads\/2015\/04\/P1040203.jpg 1536w\" sizes=\"(max-width: 225px) 100vw, 225px\" \/><\/a><\/p>\n","protected":false},"excerpt":{"rendered":"<p>Distancia a la capital: 105 kil\u00f3metros. Superficie (en Km2): 11,90. Altitud: 957.&hellip;<\/p>\n","protected":false},"author":1,"featured_media":0,"parent":0,"menu_order":0,"comment_status":"open","ping_status":"closed","template":"","meta":[],"_links":{"self":[{"href":"http:\/\/lahuertadelaabuelapilar.com\/index.php?rest_route=\/wp\/v2\/pages\/2"}],"collection":[{"href":"http:\/\/lahuertadelaabuelapilar.com\/index.php?rest_route=\/wp\/v2\/pages"}],"about":[{"href":"http:\/\/lahuertadelaabuelapilar.com\/index.php?rest_route=\/wp\/v2\/types\/page"}],"author":[{"embeddable":true,"href":"http:\/\/lahuertadelaabuelapilar.com\/index.php?rest_route=\/wp\/v2\/users\/1"}],"replies":[{"embeddable":true,"href":"http:\/\/lahuertadelaabuelapilar.com\/index.php?rest_route=%2Fwp%2Fv2%2Fcomments&post=2"}],"version-history":[{"count":7,"href":"http:\/\/lahuertadelaabuelapilar.com\/index.php?rest_route=\/wp\/v2\/pages\/2\/revisions"}],"predecessor-version":[{"id":121,"href":"http:\/\/lahuertadelaabuelapilar.com\/index.php?rest_route=\/wp\/v2\/pages\/2\/revisions\/121"}],"wp:attachment":[{"href":"http:\/\/lahuertadelaabuelapilar.com\/index.php?rest_route=%2Fwp%2Fv2%2Fmedia&parent=2"}],"curies":[{"name":"wp","href":"https:\/\/api.w.org\/{rel}","templated":true}]}}

<div class="node">
<div class="content">
<div id="tabs-tabset" class="drupal-tabs js-hide tabs-processed">
<div id="tabset-tab-5" class="tabs-tabset ui-tabs-panel">
<p><b>Distancia a la capital</b>: 105 kilómetros.<br />
<b>Superficie (en Km<sup>2</sup></b><strong>):</strong> 11,90.<br />
<b>Altitud</b>: 957.<br />
<b>Población</b>: 59 habitantes.<br />
<b>Comarca</b>:Tierras de Riaza.<br />
<b>Lugares de interés:</b> Iglesia de San Pedro Advíncula. Ermita de la Inmaculada Concepción. Restos de un convento. Bodegas. Aldehorno pertenece a la Denominación de Origen de Vinos Ribera del Duero.<br />
<strong>Tradiciones: </strong>Reunirse con la familia y los amigos en las bodegas. Danzar los bailes tradicionales ante las imágenes de los santos en las procesiones. Desde hace unos años se ha convertido ya casi en tradición la realización de una plantación de árboles.<br />
<strong>Gastronomía: </strong>Como no podía ser de otra manera , en el municipio destacan sus vinos. No en vano el municipio es uno de los cuatro de la provincia de Segovia cuyos terrenos se encuentran incluidos dentro de la Denominación de Origen Ribera del Duero. También es de destacar la carne de lechazo que se produce en la zona y se degusta asado o en chuletas a la parrilla.<br />
<strong>Fiestas: </strong>Celebran su fiesta principal en honor a su patrón, San Pedro Advíncula, el primer fin de semana de agosto. Estas fechas son conocidas popularmente en el municipio como las de San Pedrillo. También festejan cada 8 de diciembre la Inmaculada Concepción.<br />
<strong><em>DESCRIPCIÓN</em></strong></p>
<p>El término municipal de Aldehorno hace de frontera con la vecina provincia de Burgos. Hasta mediados del siglo XIX, su nombre se escribía separado Aldea Horno y perteneció a la Comunidad de Villa y Tierra de Haza y a la diócesis de Osma.<br />
La iglesia parroquial se dedica a san Pedro Advíncula, y es un gran edificio barroco en planta de cruz latina, que dispone de cúpula sobre pechinas en el crucero. Varios retablos barrocos y neoclásicos se alojan dentro del templo, destacando el mayor donde se acoge una entrañable imagen de san Pedro sobre el trono vaticano. Una original pila bautismal románica se une a una interesante cruz procesional gótica del siglo XIV, para terminar de conformar el patrimonio sacro de esta iglesia.<br />
A las afueras del pueblo y acompañando al cementerio se localiza la ermita de la Inmaculada Concepción, dentro de ella se aloja un retablo barroco, cuyas imágenes, como es lógico se custodian en la parroquia del pueblo.</p>
</div>
<div id="tabset-tab-2" class="tabs-tabset ui-tabs-panel ui-tabs-hide"></div>
<div id="tabset-tab-3" class="tabs-tabset ui-tabs-panel ui-tabs-hide"></div>
<div id="tabset-tab-4" class="tabs-tabset ui-tabs-panel ui-tabs-hide"></div>
</div>
</div>
<div class="clear-block clear"></div>
</div>
<div id="content-bottom">
<div id="block-menu-menu-tierras-de-riaza" class="block block-menu">
<div class="title">Tierras de Riaza</div>
<div class="content">
<ul class="menu">
<li class="leaf first"><a title="Alconada de Maderuelo" href="http://pueblos.elnortedecastilla.es/segovia/tierras_de_riaza/alconada_de_maderuelo/datos">Alconada de Maderuelo</a></li>
<li class="leaf"><a title="Aldealengua de Santa María" href="http://pueblos.elnortedecastilla.es/segovia/tierras_de_riaza/aldealengua_de_santa_maria/datos">Aldealengua de Santa María</a></li>
<li class="leaf"><a title="Aldeanueva de la Serrezuela" href="http://pueblos.elnortedecastilla.es/segovia/tierras_de_riaza/aldeanueva_de_la_serrezuela/datos">Aldeanueva de la Serrezuela</a></li>
<li class="leaf active-trail"><a class="active" title="Aldehorno" href="http://pueblos.elnortedecastilla.es/segovia/tierras_de_riaza/aldehorno/datos">Aldehorno</a></li>
<li class="leaf"><a title="Ayllón" href="http://pueblos.elnortedecastilla.es/segovia/tierras_de_riaza/ayllon/datos">Ayllón</a></li>
<li class="leaf"><a title="Campo de San Pedro" href="http://pueblos.elnortedecastilla.es/segovia/tierras_de_riaza/campo_de_san_pedro/datos">Campo de San Pedro</a></li>
<li class="leaf"><a title="Cedillo de la Torre" href="http://pueblos.elnortedecastilla.es/segovia/tierras_de_riaza/cedillo_de_la_torre/datos">Cedillo de la Torre</a></li>
<li class="leaf"><a title="Cilleruelo de San Mamés" href="http://pueblos.elnortedecastilla.es/segovia/tierras_de_riaza/cilleruelo_de_san_mames/datos">Cilleruelo de San Mamés</a></li>
<li class="leaf"><a title="Corral de Ayllón" href="http://pueblos.elnortedecastilla.es/segovia/tierras_de_riaza/corral_de_ayllon/datos">Corral de Ayllón</a></li>
<li class="leaf"><a title="Fresno de Cantespino" href="http://pueblos.elnortedecastilla.es/segovia/tierras_de_riaza/fresno_de_cantespino/datos">Fresno de Cantespino</a></li>
<li class="leaf"><a title="Languilla" href="http://pueblos.elnortedecastilla.es/segovia/tierras_de_riaza/languilla/datos">Languilla</a></li>
<li class="leaf"><a title="Maderuelo" href="http://pueblos.elnortedecastilla.es/segovia/tierras_de_riaza/maderuelo/datos">Maderuelo</a></li>
<li class="leaf"><a title="Montejo de la Vega de la Serrezuela" href="http://pueblos.elnortedecastilla.es/segovia/tierras_de_riaza/montejo_de_la_vega_de_la_serrezuela/datos">Montejo de la Vega de la Serrezuela</a></li>
<li class="leaf"><a title="Moral de Hornuez" href="http://pueblos.elnortedecastilla.es/segovia/tierras_de_riaza/moral_de_hornuez/datos">Moral de Hornuez</a></li>
<li class="leaf"><a title="Pradales" href="http://pueblos.elnortedecastilla.es/segovia/tierras_de_riaza/pradales/datos">Pradales</a></li>
<li class="leaf"><a title="Riaguas de San Bartolomé" href="http://pueblos.elnortedecastilla.es/segovia/tierras_de_riaza/riaguas_de_san_bartolome/datos">Riaguas de San Bartolomé</a></li>
<li class="leaf"><a title="Riaza" href="http://pueblos.elnortedecastilla.es/segovia/tierras_de_riaza/riaza/datos">Riaza</a></li>
<li class="leaf"><a title="Ribota" href="http://pueblos.elnortedecastilla.es/segovia/tierras_de_riaza/ribota/datos">Ribota</a></li>
<li class="leaf"><a title="Riofrio de Riaza" href="http://pueblos.elnortedecastilla.es/segovia/tierras_de_riaza/riofrio_de_riaza/datos">Riofrio de Riaza</a></li>
<li class="leaf"><a title="Sequera de Fresno" href="http://pueblos.elnortedecastilla.es/segovia/tierras_de_riaza/sequera_de_fresno/datos">Sequera de Fresno</a></li>
<li class="leaf"><a title="Valdevacas de Montejo" href="http://pueblos.elnortedecastilla.es/segovia/tierras_de_riaza/valdevacas_de_montejo/datos">Valdevacas de Montejo</a></li>
<li class="leaf last" style="text-align: center;"><a title="Villaverde de Montejo" href="http://pueblos.elnortedecastilla.es/segovia/tierras_de_riaza/villaverde_de_montejo/datos">Villaverde de Montejo</a></li>
</ul>
</div>
</div>
</div>
<p><a href="http://lahuertadelaabuelapilar.com/wp-content/uploads/2015/04/P10402091.jpg" rel="lightbox[2]"><img decoding="async" loading="lazy" class="alignnone size-medium wp-image-13" src="http://lahuertadelaabuelapilar.com/wp-content/uploads/2015/04/P10402091-300x225.jpg" alt="P1040209" width="300" height="225" srcset="http://lahuertadelaabuelapilar.com/wp-content/uploads/2015/04/P10402091-300x225.jpg 300w, http://lahuertadelaabuelapilar.com/wp-content/uploads/2015/04/P10402091.jpg 512w" sizes="(max-width: 300px) 100vw, 300px" /></a> <a href="http://lahuertadelaabuelapilar.com/wp-content/uploads/2015/04/P1050485.jpg" rel="lightbox[2]"><img decoding="async" loading="lazy" class="alignnone size-medium wp-image-10" src="http://lahuertadelaabuelapilar.com/wp-content/uploads/2015/04/P1050485-225x300.jpg" alt="P1050485" width="225" height="300" srcset="http://lahuertadelaabuelapilar.com/wp-content/uploads/2015/04/P1050485-225x300.jpg 225w, http://lahuertadelaabuelapilar.com/wp-content/uploads/2015/04/P1050485.jpg 384w" sizes="(max-width: 225px) 100vw, 225px" /></a>   <a href="http://lahuertadelaabuelapilar.com/wp-content/uploads/2015/04/P1040203.jpg" rel="lightbox[2]"><img decoding="async" loading="lazy" class="alignnone size-medium wp-image-16" src="http://lahuertadelaabuelapilar.com/wp-content/uploads/2015/04/P1040203-225x300.jpg" alt="P1040203" width="225" height="300" srcset="http://lahuertadelaabuelapilar.com/wp-content/uploads/2015/04/P1040203-225x300.jpg 225w, http://lahuertadelaabuelapilar.com/wp-content/uploads/2015/04/P1040203-768x1024.jpg 768w, http://lahuertadelaabuelapilar.com/wp-content/uploads/2015/04/P1040203.jpg 1536w" sizes="(max-width: 225px) 100vw, 225px" /></a></p>

<p>Distancia a la capital: 105 kilómetros. Superficie (en Km2): 11,90. Altitud: 957.&hellip;</p>
